191594 = 0. List the prime factors of j.
13, 149
Let y = 1157 + -1624. Let k = 215 - y. Suppose -52 = 6*c - k. What are the prime factors of c?
3, 5, 7
Let w = -196 - -199. Suppose 3*r - 2*z = 1067, -3*r + 5*r - 694 = -w*z. List the prime factors of r.
353
Let i = -21 + 23. Suppose i*n = -4*u - 42, n = 3*u + 4 + 20. Let c(l) = -2*l**2 - 22*l - 22. List the prime factors of c(u).
2, 7
List the prime factors of ((33 - -1010)*4/14)/(1/61).
2, 61, 149
Let l(t) = 12*t**2 - t - 1. Let p be l(-1). Suppose 22*u + p = 24*u. Suppose -u*a = a - 994. List the prime factors of a.
2, 71
Suppose -3*x + 3*f = -229 + 79, -35 = -x - 2*f. Suppose -14*j + 5*j + x = 0. Suppose -z - 3*z + j*p + 393 = 0, 2*z = 4*p + 204. What are the prime factors of z?
2, 23
Suppose -23*o + 13*o - 2000 = 0. What are the prime factors of (80/o)/(4/(-3490))?
349
Let j(t) = 2*t - 18. Let a be j(10). Suppose -411 = -a*y + 471. List the prime factors of y.
3, 7
Let h = -2188 + 12052. List the prime factors of h.
2, 3, 137
Let d be 45/18 + (-5165)/(-10). Suppose -71 = 4*x - d. List the prime factors of x.
2, 7
Let n(v) = 13*v - 6 - 26*v + 28*v - v**3. List the prime factors of n(-8).
2, 193
Suppose -23*h + 168227 + 342437 = 65*h. What are the prime factors of h?
7, 829
Suppose -18*p + 228847 + 260375 = 0. What are the prime factors of p?
27179
Suppose -18 + 2 = 8*d. Let y be d + 3 - (-11 - -1). Suppose -y*c + 809 = -60. List the prime factors of c.
79
Let q(y) = -y**3 + 19*y**2 - 21*y + 3. Suppose -27 = -2*o - 7. Let k be q(o). Suppose -11*p - k = -14*p. List the prime factors of p.
3, 7, 11
Suppose -t - 6 = -12. Let o(n) = -t*n - 2*n - 4*n - 5 - 2*n. What are the prime factors of o(-4)?
3, 17
Suppose -2*j - 3*j + 25 = 5*i, -4*j - 3*i = -17. Let a be (j - 1)/(10/(-210)). Let h = a - -23. What are the prime factors of h?
2
Suppose 2*x - 3*r + 9 = 0, 40 = -5*x - r + 9. List the prime factors of ((-20)/(-15))/(x/(-7551)).
2, 839
Let l = 14005 - 6039. What are the prime factors of l?
2, 7, 569
Let x = 146026 + -82808. List the prime factors of x.
2, 73, 433
Suppose -1143 = -2*p + 921. Suppose 0 = 7*u - 4*u - p. Let t = 505 - u. What are the prime factors of t?
7, 23
Let n be (-10 - 375/(-45))/((-10)/348). Suppose -3*p = p. Suppose c - 82 - n = p. List the prime factors of c.
2, 5, 7
Let v = -8896 - -16693. List the prime factors of v.
3, 23, 113
Suppose -2*r = -2*s + 128, 11*r + 4*s = 6*r - 284. What are the prime factors of 5/(r/(-4504)) + (-10)/(-6)?
13, 29
Let t = 95 - 95. Suppose 4*h = -7*g + 5*g + 688, -h + 3 = t. List the prime factors of g.
2, 13
Let m(w) = -39*w**3 + 191*w**2 - 13*w - 15. List the prime factors of m(-7).
2, 3, 1901
Let p = -100609 + 166450. What are the prime factors of p?
3, 17, 1291
List the prime factors of 640136/30 + ((-335)/(-15075))/((-1)/(-6)).
2, 47, 227
Let p(z) = 1 - 12*z - 4*z**2 + 9 + 11 + 5*z**2. Let m be p(10). Suppose -m = -13*q + 51. What are the prime factors of q?
2
Suppose 0 = -4*m - 3*n + 89898, -3*n - n = -18*m + 404436. List the prime factors of m.
2, 3, 5, 7, 107
List the prime factors of (-3 - 176092/70)*(-4 + -1).
7, 257
Let p = -23 + 27. Let z be (-56)/(-70)*10/p. Suppose -2*d = -2*b + 164, z*b + 2*b + d = 338. List the prime factors of b.
2, 3, 7
Suppose 5 + 8 = x. Suppose -x*n + 15*n + 58 = 0. Let t = n + 53. What are the prime factors of t?
2, 3
Let f = -4467 - -7802. What are the prime factors of f?
5, 23, 29
Let m(h) = 13 - 3*h - 21*h + 8*h + 7*h + h**3 - 12*h**2. Let z be m(13). Let f = z - 59. What are the prime factors of f?
2, 3
Let n(h) = h**2 + 3*h - 7. Let i be (8 + -18)/(1 - -1). Let p be n(i). Suppose j - 22 = -x + 29, -5*x = -p*j - 279. What are the prime factors of x?
2, 3
Let h(g) = 2*g**3 - 3*g**2 + 3*g + 24. Let f be h(6). What are the prime factors of (6 + -3)*(f/2 - 4)?
3, 179
Let q(r) = -12*r**2 + 4*r**2 + 5*r**2 + 406 - 32. What are the prime factors of q(0)?
2, 11, 17
Let t = -1273 - -14740. What are the prime factors of t?
3, 67
Suppose 361875 = 5*j + 533*o - 528*o, -2*j = -2*o - 144750. List the prime factors of j.
3, 5, 193
Suppose 4*x = -2 + 110. Let j be (x/(-15) + 1)/((-1)/(-5)). What are the prime factors of j/(-10)*(12 + -2)?
2
Suppose h - 8*h + 21 = 0. Suppose -9*y + h*y - 132 = 0. What are the prime factors of (-28)/7 - (y - 1)?
19
Let x(m) be the first derivative of 3*m**4/2 - 4*m**3/3 - 7*m**2/2 + 14*m + 291. List the prime factors of x(7).
3, 7, 29
Suppose -2*q - 60244 = 31*x - 39*x, 4*x - 3*q - 30110 = 0. What are the prime factors of x?
2, 7, 269
Let s(p) = 4*p**3 - 4*p**2 - 15*p + 12. Let y be s(5). Let w = y - 191. What are the prime factors of w?
2, 73
Let p = -185 - -185. Suppose -2*k = s - 466, 4*k + 436 = -p*s + s. What are the prime factors of s?
2, 3, 19
Let o = -167 - -171. Suppose o*z - 1212 - 924 = 0. What are the prime factors of z?
2, 3, 89
Let g = 24407 + -17047. List the prime factors of g.
2, 5, 23
Let w be 27/21 - 8/28 - 1. Suppose 0 = -w*g + g - 4, b = -5*g + 48. List the prime factors of b.
2, 7
Let r = 205 + -203. Suppose -2*l - 2*u + 1105 = -91, r*u - 2984 = -5*l. What are the prime factors of l?
2, 149
Let f(p) = 3*p**2 + 7*p**3 - 35*p**3 - 1 - 4*p**2 - 52*p**3 - 3*p. List the prime factors of f(-1).
3
Let j(k) = -5*k**3 - 136*k**2 + 60*k - 428. What are the prime factors of j(-32)?
2, 5557
Suppose -b + 3350 = -5*t - 12767, 24 = 4*t. List the prime factors of b.
67, 241
Let l = 387 - 187. Suppose a + y = 121, -4*a + 3*y + l = -319. List the prime factors of a.
2, 3, 7
Suppose 0 = 5*v + z + 1428, 3*v + 8*z + 870 = 3*z. Let f = v + 428. What are the prime factors of f?
11, 13
Suppose -r - 52 = 2*n, -n - 104*r + 108*r = -1. Suppose 0 = -3*l + 5*l - 2*v - 52, 4 = 2*v. Let q = l - n. List the prime factors of q.
3, 17
Suppose 1 = -l - c, -6 = 2*l + 5*c + 11. Let t = -89 - -91. Suppose -3*n + 27 = 2*k, 0 = -l*n + t*k - 6*k + 40. What are the prime factors of n?
7
Let f = 5441 + 3114. List the prime factors of f.
5, 29, 59
What are the prime factors of (-956)/8*27/(-6)*8?
2, 3, 239
Let o(g) = g**3 + 19*g**2 + 15*g - 9. Let k be o(-18). Let j = 60 + k. List the prime factors of j.
3, 5, 7
Suppose 2*y + 149 = 5*l, 0*y + 5*y - 19 = -l. Let g = l + -50. Let k = 46 - g. What are the prime factors of k?
67
Let n(k) = 18*k - 26. Let o(b) = -7*b - 2. Let q be o(0). Let m(p) = 2*p**2 - 2. Let u be m(q). List the prime factors of n(u).
2, 41
Suppose x - w - 7327 = 0, -4*x - 20*w + 29268 = -16*w. What are the prime factors of x?
2, 7, 523
Let t = -1383 + 1381. Suppose 44 - 401 = 3*r. Let n = t - r. List the prime factors of n.
3, 13
Let x(h) = -h**2 - 7*h - 6. Suppose -6 = 3*m, 0 = -d - 2*m + 3*m - 4. Let n be x(d). Suppose n = -3*w + 137 + 217. What are the prime factors of w?
2, 59
Let k = 572 + -107. Suppose -5*g = -3*j + j + 965, -g + k = j. Suppose -8*d + j = -658. What are the prime factors of d?
3, 47
Let n(y) = -y**2 - 79*y + 43. Let i be -2*(7/((-7)/(-2)) + 14). List the prime factors of n(i).
7, 13, 17
Suppose -19*p + 119156 = 17*p - 123376. What are the prime factors of p?
6737
Let x(l) be the first derivative of -l**5/15 + 127*l**4/12 + 15*l**3 + 28. Let g(m) be the third derivative of x(m). What are the prime factors of g(0)?
2, 127
Let p be 3404/(-6) + (-4)/6 - -2. Let n = 226 + p. Let u = n - -501. What are the prime factors of u?
7, 23
Suppose 3*s = q + 82, 3*q = -3*s - 329 + 71. Let o = 14 - q. List the prime factors of o.
3, 11
Let f(q) = 29*q**2 + 120*q + 1479. What are the prime factors of f(-27)?
2, 3, 5, 17, 19
Let i(b) = 222*b**2 - 7*b - 12. Let d be (-144)/24 + 10 + -1. What are the prime factors of i(d)?
3, 5, 131
Suppose 6*l + 101 = 755. Suppose l - 709 = -5*q. Suppose y - 67 = 5*r - 4*r, 5*r - q = -2*y. What are the prime factors of y?
5, 13
Let c(d) = 2*d**2 - d - 3. Let v be c(0). List the prime factors of (v/9)/((-5)/20430*3).
2, 227
Suppose -1698 = 90*n - 96*n. Let x = -243 + n. List the prime factors of x.
2, 5
Suppose -246 = 52*l - 1598. Suppose -3*v - 3*m - m = 6, -3*v - 3*m = 3. Let y = l + v. List the prime factors of y.
2, 7
Let h = 42 - 44. Let w be -4 + 6 + 2 + h. Suppose 0 = -2*m - w*m + 2*g + 132, -3*m - 4*g + 88 = 0. What are the prime factors of m?
2
Let z(m) = m**3 - 12*m**2 + 2*m - 13. Let p be z(11). Suppose -166 = -4*c + 2*r + 628, 0 = 4*c - 4*r -